y 840660.
44
Calculate the remainder when 282600291 is divided by 2636.
3
Calculate the remainder when 296375 is divided by 52.
27
What is the remainder when 6213069 is divided by 2334?
2295
What is the remainder when 12998 is divided by 1712?
1014
What is the remainder when 4169605 is divided by 32575?
5
What is the remainder when 171426 is divided by 21422?
50
Calculate the remainder when 6365560 is divided by 4779.
4711
What is the remainder when 2754379 is divided by 196741?
5
Calculate the remainder when 45731 is divided by 794.
473
Calculate the remainder when 355771 is divided by 251.
104
What is the remainder when 3528390 is divided by 362?
338
What is the remainder when 2886218 is divided by 148?
70
Calculate the remainder when 252010888 is divided by 62.
46
Calculate the remainder when 48059 is divided by 9436.
879
What is the remainder when 13284016 is divided by 4554?
4552
What is the remainder when 4016689 is divided by 2971?
2868
Calculate the remainder when 552647 is divided by 2820.
2747
Calculate the remainder when 33646 is divided by 11159.
169
Calculate the remainder when 20313764 is divided by 15.
14
What is the remainder when 133397152 is divided by 44465716?
4
What is the remainder when 585298 is divided by 7921?
7065
Calculate the remainder when 698331 is divided by 116336.
315
Calculate the remainder when 604012 is divided by 68.
36
Calculate the remainder when 21468010 is divided by 376631.
43
What is the remainder when 13597683 is divided by 185?
183
Calculate the remainder when 1276550 is divided by 648.
638
Calculate the remainder when 2302111 is divided by 106.
3
Calculate the remainder when 468655 is divided by 468165.
490
Calculate the remainder when 777706 is divided by 3489.
3148
What is the remainder when 68302 is divided by 3783?
208
What is the remainder when 387046 is divided by 227?
11
What is the remainder when 11037943 is divided by 84?
7
What is the remainder when 1769178 is divided by 27635?
538
What is the remainder when 67484337 is divided by 891?
888
Calculate the remainder when 53398 is divided by 6590.
678
What is the remainder when 1477137688 is divided by 3545?
3543
What is the remainder when 18750017 is divided by 1106?
1105
Calculate the remainder when 5041236 is divided by 210051.
12
What is the remainder when 10816615 is divided by 1976?
1967
What is the remainder when 43619796 is divided by 69?
66
What is the remainder when 19635237 is divided by 77?
6
Calculate the remainder when 1123391 is divided by 205.
196
Calculate the remainder when 573506 is divided by 38000.
3506
What is the remainder when 142601 is divided by 494?
329
What is the remainder when 22435773 is divided by 288?
285
What is the remainder when 972651 is divided by 580?
571
Calculate the remainder when 4802630 is divided by 37.
30
What is the remainder when 95334 is divided by 907?
99
Calculate the remainder when 166152 is divided by 166085.
67
Calculate the remainder when 4440006 is divided by 4.
2
Calculate the remainder when 30608 is divided by 26120.
4488
What is the remainder when 71329516 is divided by 10045?
10016
Calculate the remainder when 92907646 is divided by 618.
616
What is the remainder when 67641 is divided by 1205?
161
What is the remainder when 2244301 is divided by 708?
649
Calculate the remainder when 182206 is divided by 250.
206
Calculate the remainder when 430148998 is divided by 1129.
1127
Calculate the remainder when 53826 is divided by 727.
28
What is the remainder when 1989524 is divided by 198?
20
Calculate the remainder when 870915 is divided by 72575.
15
Calculate the remainder when 10003257 is divided by 214.
41
What is the remainder when 19276230 is divided by 3183?
3165
What is the remainder when 38526033 is divided by 27?
3
What is the remainder when 8765454 is divided by 3299?
11
What is the remainder when 102144 is divided by 2489?
95
What is the remainder when 2051509 is divided by 433?
388
What is the remainder when 21305996 is divided by 100?
96
What is the remainder when 2676873 is divided by 892283?
24
What is the remainder when 105156 is divided by 8004?
1104
Calculate the remainder when 55786 is divided by 47.
44
What is the remainder when 14784584 is divided by 156?
152
What is the remainder when 89986 is divided by 4928?
1282
Calculate the remainder when 548507 is divided by 54850.
7
Calculate the remainder when 12498550 is divided by 46120.
30
What is the remainder when 606597 is divided by 202186?
39
Calculate the remainder when 125252059 is divided by 31313014.
3
What is the remainder when 348527475 is divided by 174263734?
7
What is the remainder when 765235 is divided by 40?
35
What is the remainder when 24416263 is divided by 8138752?
7
Calculate the remainder when 1960736 is divided by 90.
86
What is the remainder when 43217 is divided by 231?
20
What is the remainder when 571693 is divided by 1448?
1181
Calculate the remainder when 322049 is divided by 107316.
101
What is the remainder when 67431107 is divided by 33715547?
13
Calculate the remainder when 209550 is divided by 5663.
19
What is the remainder when 41661 is divided by 41611?
50
What is the remainder when 54397545 is divided by 7894?
7885
Calculate the remainder when 12954868 is divided by 307.
82
Calculate the remainder when 2238935 is divided by 196.
27
Calculate the remainder when 729575 is divided by 91185.
95
What is the remainder when 1202171 is divided by 601078?
15
Calculate the remainder when 24796106 is divided by 26.
10
What is the remainder when 1032836 is divided by 38?
34
What is the remainder when 72462 is divided by 260?
182
Calculate the remainder when 10980 is divided by 5356.
268
Calculate the remainder when 21943585 is divided by 1110.
1105
Calculate the remainder when 5261569 is divided by 169728.
1
What is the remainder when 10864916 is divided by 783?
8
Calculate the remainder when 2349859 is divided by 213623.
6
What is the remainder when 840454119 is divided by 44?
43
What is the remainder when 2942740 is divided by 1062?
1000
What is the remainder when 1956096 is divided by 51?
42
What is the remainder when 3624052 is divided by 1573?
1433
What is the remainder when 642254 is divided by 691?
315
Calculate the remainder when 449499 is divided by 224724.
51
What is the remainder when 193613 is divided by 1416?
1037
What is the remainder when 534166 is divided by 694?
480
What is the remainder when 2997935 is divided by 2292?
2291
Calculate the remainder when 196325 is divided by 2204.
169
Calculate the remainder when 8916 is divided by 596.
572
Calculate the remainder when 4987783 is divided by 2579.
2576
What is the remainder when 8090299 is divided by 8804?
8227
Calculate the remainder when 65883753 is divided by 9411962.
19
What is the remainder when 15614585 is divided by 354875?
85
Calculate the remainder when 136759702 is divided by 700.
2
Calculate the remainder when 16024497 is divided by 12.
9
What is the remainder when 2226217 is divided by 27?
13
Calculate the remainder when 385088 is divided by 3158.
2970
What is the remainder when 36352 is divided by 17872?
608
What is the remainder when 3477085 is divided by 704?
29
What is the remainder when 6101829 is divided by 610?
609
What is the remainder when 10133833 is divided by 303?
301
What is the remainder when 3921085 is divided by 180?
145
Calculate the remainder when 2262541 is divided by 180.
121
Calculate the remainder when 2325785 is divided by 226.
19
What is the remainder when 55185 is divided by 55069?
116
What is the remainder when 343856524 is divided by 186?
184
What is the remainder when 128923 is divided by 7?
4
What is the remainder when 56318731 is divided by 5443?
10
Calculate the remainder when 204483 is divided by 5526.
21
Calculate the remainder when 410842 is divided by 136935.
37
Calculate the remainder when 30466182 is divided by 2893.
2892
Calculate the remainder when 149930283 is divided by 82.
7
What is the remainder when 1251440 is divided by 273?
8
What is the remainder when 18373500 is divided by 647?
641
What is the remainder when 5417982 is divided by 875?
857
What is the remainder when 6260766 is divided by 105?
36
What is the remainder when 4913765 is divided by 1228436?
21
What is the re